82)?
2
What is the ten thousands digit of (-2 + (-132546)/(-21))/((-56)/(-196))?
2
Let v(l) = -l**2 + 4*l + 62. Let j be v(0). Let o be (-3 - -5)/2 - j. Let q = o + 72. What is the tens digit of q?
1
Let m(o) = 79*o - 1338. What is the hundreds digit of m(78)?
8
Let n(b) = -62*b**2 + 27*b - 6. Let s be n(4). What is the hundreds digit of (s/(-6))/(-3 + 70/21)?
4
Let z(k) = 4 - k**2 + 44*k + k**3 + 3*k**2 + 5*k**2 - 50*k. Let h be z(-8). What is the tens digit of (210/(-4))/(9/h)?
7
Suppose 13*c = 10*c - 12. Let o be (-171)/c + (-1 - (-5)/4). Suppose -4*n = d + n - o, -2*d = n - 77. What is the units digit of d?
8
Let i(d) = -24*d + 141. Let n be i(6). Let o(u) = -14*u**3 - 3*u**2 + 3*u + 10. What is the hundreds digit of o(n)?
3
Let r(v) = 237*v - 5. Let h be r(1). Let t = h - 68. What is the tens digit of t?
6
What is the tens digit of (-4811 + -3)*(-30 - -29)?
1
Let d = 86393 - 13222. What is the ten thousands digit of d?
7
Suppose 9*j = 7*j + 26838. What is the hundreds digit of j?
4
Suppose 2*f - 3607 = 5*w, -3*f + 5*w - 916 + 6314 = 0. What is the tens digit of f?
9
What is the units digit of (-2073289)/(-69) - 20/(-15)?
9
Let c = 5589 - -511. What is the units digit of c?
0
Let y be (-11)/(-2) - (-8)/(-16). Let s = -12 - -16. Suppose -s*z + 116 = p, -y*p + 0*z - 4*z + 548 = 0. What is the tens digit of p?
0
Let q(c) = c**3 - c**2 - c. Let m be q(0). Let s(g) = 0 - 20*g + 99 + 37 + 17*g. What is the hundreds digit of s(m)?
1
Let n = 28 + -23. Suppose -n*d + 0*d - 10 = 0. What is the units digit of (87 - 4) + 1 + d?
2
Let w(d) = 25439*d**2 - 5*d - 9. What is the thousands digit of w(-1)?
5
What is the units digit of (-38911)/(-7) - (-1 + 10/14)?
9
Suppose 0 = -5*c + 4*u + 267027, -95*u = -2*c - 97*u + 106818. What is the units digit of c?
7
Suppose 5*b - 3704 = 4*b - 2*n, 2*b = -3*n + 7408. Suppose 0 = -5*z + 13*z - b. What is the hundreds digit of z?
4
Let q = 8614 - 5707. What is the hundreds digit of q?
9
Let n be 3 - (-24)/10*(-7230)/12. Let j = -515 - n. What is the hundreds digit of j?
9
Suppose 2*p = -5*a + 20, -4*a + 4*p - 1 = 11. Let n be (4/2)/(a/24). What is the units digit of 48*(-9)/(-2)*8/n?
2
Let b = 38973 + -21999. What is the ten thousands digit of b?
1
Let m be (42/3 + 0)*(-190)/20. Let f = m + 311. What is the tens digit of f?
7
Suppose 2*w = -w - 1233. Let o = w - -1058. What is the hundreds digit of o?
6
What is the thousands digit of ((-8136)/5424)/((-18734)/(-28104) - (-4)/(-6))?
1
Suppose h + h - 2*b = 0, -2*h + b = 0. Suppose -4*n + h*n = -20. Suppose 4*q - 16 = 0, -5*q - 131 = -n*m - 4*q. What is the tens digit of m?
2
Suppose -u - 4*y + 74534 = 0, 209582 = 2*u - 4*y + 60586. What is the units digit of u?
0
Suppose -2*u - 2*h + 42 = 0, 5*h - h - 63 = -3*u. Suppose 4*z + 5*g - 327 - 160 = 0, 0 = 3*g + 15. Let l = z - u. What is the hundreds digit of l?
1
Let f(q) = -9*q**2 + 60*q + 38. Let c(o) = -17*o**2 + 120*o + 72. Let w(s) = -4*c(s) + 7*f(s). What is the tens digit of w(20)?
7
What is the hundreds digit of (13 - 10)*(255906/24 + 2/8)?
9
Let t(d) = -d**3 + 18*d**2 + 8*d - 13. Let z be (396/(-8))/(-3) + 5/10. What is the tens digit of t(z)?
1
Let t be (-6)/7*(3 + 207/(-27)). Suppose 5012 = -t*h + 18*h. What is the hundreds digit of h?
3
Suppose -5447 - 9311 = -5*a - 2*i, -2*a + 5892 = -2*i. What is the hundreds digit of a?
9
Suppose -2*b - 5*l + 154841 = 0, b - 27246 = 3*l + 50213. What is the thousands digit of b?
7
Let g(f) = 3*f - 52. Let t be g(21). Suppose 6 - t = 5*m. What is the tens digit of m/3 - 10235/(-69)?
4
Let b be 9 - 11 - 1/(-1). Let f be b + 3/(-1) - (-1)/1. What is the tens digit of ((-2)/(-4))/(f/(-642))?
0
What is the thousands digit of (-4)/14 - 167428/(-7) - (-32)/8?
3
Suppose -109*b + 98*b - 14058 = 0. Let v = -909 - b. What is the units digit of v?
9
Suppose -2*b - 3*t - 4 = 0, -36 = -10*b + 6*b + 5*t. Suppose -2*x = -10, 3*a + 286 = b*a + 5*x. Let d = -165 + a. What is the tens digit of d?
9
Suppose -4*z = 3*k - 1072, -2*z - 1064 = -2*k - 368. Let h = 601 - k. What is the units digit of h?
9
Suppose -451 = 5*l - 1426. Suppose 3*f - 960 = l. What is the units digit of f?
5
Let u be 2/3 + (-2232)/108. What is the tens digit of 1126 - (-8 - (3 + u))?
1
Suppose -5*t = p - 2015, 4792 + 3268 = 4*p - 3*t. What is the thousands digit of p?
2
Let v = 27348 - 14662. What is the thousands digit of v?
2
Let x(p) = -8*p - 142. Let i be x(-25). Suppose -61*m = -i*m - 2520. What is the units digit of m?
0
Let g(u) = u - 9. Let s be g(11). Suppose 5*j + s*f = j + 382, -4*f + 12 = 0. What is the units digit of 20/25*(1 + j)?
6
Let n(v) = v**3 - 10*v**2 - 13*v + 9. Let u be 348/28 - -1*(-6)/14. What is the units digit of n(u)?
1
Let o(z) = 57*z + 15. Suppose -2*b + 0 - 6 = 0, -2*b + 64 = -5*m. Let s be o(m). Let i = -559 - s. What is the units digit of i?
4
Suppose 3*f - 81918 = -19494. What is the hundreds digit of f?
8
Let o = 10069 + -6235. Suppose -q = -5*b - 1434, -2*b - 3244 - o = -5*q. What is the tens digit of q?
1
Suppose 5*h + 8*h + 16939 = 0. What is the tens digit of 4 + (-6 + h)/(-7)?
9
Let f(c) = -7*c + 14 + 31 + 27 - 6. Let v be f(9). Suppose v*h + 281 = j, 3*j - 351 = 2*h + 485. What is the hundreds digit of j?
2
What is the thousands digit of (-32)/(1120/(-202345)) + (-2)/7?
5
Suppose -2*k + 139 = -k + 2*u, 0 = -5*k + u + 706. Let x = -125 + k. What is the tens digit of x?
1
Let w(g) = 2*g - 17. Let a be w(13). Suppose 10 = -3*o + 1, 0 = r - 5*o - a. Let p(l) = 2*l**3 + 12*l**2 - 12*l - 13. What is the units digit of p(r)?
9
Suppose 3*l - 3*p + 3 = 0, 4*l + 5*p - 2*p - 17 = 0. Suppose l*d - 2*y - 1088 = 0, -d + 5*y = -4*d + 1624. What is the units digit of d?
3
Suppose 0 = 2*r - 3*r - w + 8027, 0 = -5*r + 2*w + 40121. What is the thousands digit of r?
8
Suppose -22 = 5*w + 4*u - 65, 2*w + 3*u = 13. Let o(q) = 2*q - 7. Let l be o(6). Let g = w - l. What is the units digit of g?
6
Let b(m) = -56 - 16*m - 2 + 23. What is the hundreds digit of b(-9)?
1
Suppose -50*u = -47*u - 12. What is the units digit of (2 + 43/u)/((-21)/(-1288))?
2
Let j = 29 - 24. Suppose 15 = 5*s - j*l, 0 = 4*s - 5*l - 8 - 0. Suppose 272 + 393 = s*p. What is the tens digit of p?
9
Let d = 24004 + -11862. What is the hundreds digit of d?
1
Suppose 4*k - 2*k - 549 = -5*z, 0 = -z - 5*k + 96. Suppose -119*s + z*s + 4552 = 0. What is the tens digit of s?
6
Let g(r) = -2*r**2 - 26*r + 4. Let v be g(-13). Let n be (10/6)/1*(7 - v). What is the hundreds digit of (-280)/(-7)*n/2?
1
Suppose 4*n = 2*n - 3*u - 56, 0 = 5*n - u + 106. Let s = n - -27. Suppose 0 = -2*f + a + 274, -2*f + 282 = 6*a - s*a. What is the tens digit of f?
3
Suppose -27*a - 58066 + 60660 = -272995. What is the units digit of a?
7
What is the units digit of (-15613)/(-11) - (24/66 - 0)?
9
Let y(h) = h**2 - 10*h + 10. Let d be y(8). Let g(m) = m**2 + 4*m + 2. Let o(k) = 2*k**2 + 3*k + 1. Let s(a) = -4*g(a) + 3*o(a). What is the tens digit of s(d)?
0
Let h(p) = 491*p - 8. Let r(o) = o - 1. Let n(f) = -2*h(f) + 14*r(f). Let u be n(1). What is the tens digit of u/(-49)*(0 + 7)?
3
Let v(y) = -y + 27. Let q(l) = 4*l - 109. Let x(p) = 2*q(p) + 9*v(p). Let b be x(20). Let k(z) = z**3 - 3*z**2 - 5*z + 5. What is the tens digit of k(b)?
3
Suppose -59470 + 14778 = -1572*m + 1570*m. What is the ten thousands digit of m?
2
Suppose -23*n + 548325 = 168549. What is the units digit of n?
2
Let w(g) = -20*g**2 + 641*g - 25. Let c be w(32). Let x be (-1)/6*-2*141. Suppose c*l = x + 289. What is the units digit of l?
8
Let s be (-1)/((-20)/205) + 2/(-8). Let r(l) = -l**3 + 10*l**2 + 3*l - 20. What is the units digit of r(s)?
0
Let r = -19496 - -39915. What is the ten thousands digit of r?
2
Let x(s) = -59*s - 14. Let m be x(-1). What is the units digit of 3099*(-20)/m*(-3)/4?
3
Let w(i) = 22*i + 8. Let t be w(7). Let s be (3 - 5)*t/(-4). Let y = -17 + s. What is the units digit of y?
4
Suppose 79*q = 86*q - 107379 - 222237. What is the hundreds digit of q?
0
What is the tens digit of (-564735*37/222)/((-10)/8)?
9
Let t be (-56)/(-10) - 6/10. Let n(m) = -2*m**3 + 7*m**2 + m + 4. Let g be n(t). Let o = g + 157. What is the tens digit of o?
9
Let h be 170530/9 + (-2 - (-20)/9). Let o be 4/(-22) - (-3 - h/33). Suppose -2*u - 3*u + 965 = -l, -3*u + o = -l. What is the hundreds d